 of 2484878057?
0
What is the ten thousands digit of 82945815?
4
What is the hundred millions digit of 339373706?
3
What is the units digit of 36035137?
7
What is the hundred millions digit of 533132704?
5
What is the ten millions digit of 105972847?
0
What is the hundreds digit of 5529242065?
0
What is the hundreds digit of 232101175?
1
What is the hundred millions digit of 108119261?
1
What is the thousands digit of 1225708370?
8
What is the hundreds digit of 458544981?
9
What is the millions digit of 3185445483?
5
What is the hundreds digit of 241565000?
0
What is the ten millions digit of 485232083?
8
What is the ten millions digit of 291069627?
9
What is the billions digit of 1060389009?
1
What is the ten millions digit of 43729497?
4
What is the millions digit of 360887632?
0
What is the thousands digit of 3023259613?
9
What is the ten millions digit of 1048222977?
4
What is the ten millions digit of 3415329424?
1
What is the hundred millions digit of 186762804?
1
What is the hundred millions digit of 5437923717?
4
What is the hundred thousands digit of 1744988773?
9
What is the thousands digit of 316403503?
3
What is the units digit of 6532575528?
8
What is the hundreds digit of 216627094?
0
What is the units digit of 251340419?
9
What is the millions digit of 87819188?
7
What is the tens digit of 111385197?
9
What is the millions digit of 100121732?
0
What is the hundreds digit of 1267882893?
8
What is the millions digit of 413585964?
3
What is the ten millions digit of 747563249?
4
What is the thousands digit of 18737391?
7
What is the hundred millions digit of 731910522?
7
What is the ten thousands digit of 637643?
3
What is the ten thousands digit of 366747496?
4
What is the millions digit of 8072890078?
2
What is the millions digit of 317605305?
7
What is the units digit of 744784933?
3
What is the millions digit of 1480174138?
0
What is the ten millions digit of 554378379?
5
What is the ten thousands digit of 862826253?
2
What is the hundreds digit of 186043079?
0
What is the thousands digit of 1656052018?
2
What is the hundred thousands digit of 91693753?
6
What is the hundred millions digit of 4262856875?
2
What is the hundreds digit of 2928265558?
5
What is the ten millions digit of 1618170859?
1
What is the hundreds digit of 2810614778?
7
What is the hundred thousands digit of 49649611?
6
What is the thousands digit of 21973473?
3
What is the units digit of 468676335?
5
What is the tens digit of 28738169?
6
What is the hundreds digit of 701994616?
6
What is the millions digit of 266482713?
6
What is the ten thousands digit of 82232398?
3
What is the thousands digit of 37470969?
0
What is the units digit of 543561420?
0
What is the tens digit of 6285333?
3
What is the hundred millions digit of 173619718?
1
What is the tens digit of 52364583?
8
What is the millions digit of 64128692?
4
What is the thousands digit of 80170315?
0
What is the millions digit of 44437104?
4
What is the ten millions digit of 136472606?
3
What is the ten millions digit of 208898989?
0
What is the ten millions digit of 608329585?
0
What is the hundreds digit of 39742152?
1
What is the hundred thousands digit of 127627916?
6
What is the tens digit of 5185610?
1
What is the hundreds digit of 710635458?
4
What is the ten thousands digit of 60153063?
5
What is the ten thousands digit of 976934643?
3
What is the tens digit of 120478795?
9
What is the units digit of 678832509?
9
What is the ten thousands digit of 9968987?
6
What is the ten millions digit of 1982227834?
8
What is the ten millions digit of 1259622461?
5
What is the ten millions digit of 283639984?
8
What is the ten millions digit of 119453531?
1
What is the tens digit of 972810271?
7
What is the hundreds digit of 167985148?
1
What is the hundred thousands digit of 9158460?
1
What is the millions digit of 6738583217?
8
What is the tens digit of 61777159?
5
What is the ten millions digit of 155692770?
5
What is the thousands digit of 258103177?
3
What is the hundreds digit of 69531573?
5
What is the thousands digit of 6264289955?
9
What is the hundred thousands digit of 152224178?
2
What is the units digit of 242759558?
8
What is the billions digit of 1122208075?
1
What is the ten thousands digit of 24138930?
3
What is the ten millions digit of 21711670?
2
What is the tens digit of 64059539?
3
What is the ten thousands digit of 558605114?
0
What is the billions digit of 1150565447?
1
What is the units digit of 33779310?
0
What is the hundred thousands digit of 5178890013?
8
What is the hundred thousands digit of 1194796063?
7
What is the units digit of 211390516?
6
What is the hundreds digit of 87303120?
1
What is the thousands digit of 700602643?
2
What is the millions digit of 1269941967?
9
What is the hundred millions digit of 845636347?
8
What is the tens digit of 570104300?
0
What is the thousands digit of 390660567?
0
What is the millions digit of 413961100?
3
What is the tens digit of 317790343?
4
What is the ten thousands digit of 1255056542?
5
What is the ten millions digit of 2247936990?
4
What is the ten thousands digit of 114522178?
2
What is the thousands digit of 42508452?
8
What is the ten thousands digit of 147689167?
8
What is the hundreds digit of 30319596?
5
What is the thousands digit of 233827677?
7
What is the hundred thousands digit of 6557627045?
6
What is the ten millions digit of 19332134?
1
What is the thousands digit of 75303980?
3
What is the millions digit of 132454093?
2
What is the ten millions digit of 559923068?
5
What is the billions digit of 1675667685?
1
What is the tens digit of 116082721?
2
What is the billions digit of 2076346999?
2
What is the ten thousands digit of 143150695?
5
What is the ten thousands digit of 597082571?
8
What is the hundred thousands digit of 755527289?
5
What is the tens digit of 838697388?
8
What is the thousands digit of 3535972272?
2
What is the millions digit of 504674520?
4
What is the millions digit of 178808402?
8
What is the ten millions digit of 43095415?
4
What is the tens digit of 55378259?
5
What is the hundred millions digit of 477936386?
4
What is the hundred thousands digit of 4682850071?
8
What is the ten millions digit of 332072253?
3
What is the tens digit of 18316548?
4
What is the hundred millions digit of 471342961?
4
What is the hundreds digit of 46181210?
2
What is the ten millions digit of 2437361377?
3
What is the ten millions digit of 14813123?
1
What is the ten millions digit of 19145080?
1
What is the ten thousands digit of 51015387?
1
What is the hundreds digit of 687229918?
9
What is the units digit of 120073654?
4
What is the units digit of 679261942?
2
What is the units digit of 1067646158?
8
What is the hundred millions digit of 1126554474?
1
What is the tens digit of 505541122?
2
What is the ten millions digit of 61526345?
6
What is the hundreds digit of 198144377?
3
What is the hundred millions digit of 742026680?
7
What is the thousands digit of 724727118?
7
What is the thousands digit of 243046943?
6
What is the tens digit of 826295199?
9
What is the ten thousands digit of 3195684201?
8
What is the ten millions digit of 102623912?
0
What is the hundreds digit of 357980495?
4
What is the hundred thousands digit of 57489979?
4
What is the thousands digit of 7024350523?
0
What is the units digit of 161166095?
5
What is the ten thousands digit of 21811604?
1
What is the thousands digit of 678199123?
9
What is the units digit of 95003390?
0
What is the hundred thousands digit of 385484073?
4
What is the ten millions digit of 15068139?
1
What is the ten millions digit of 164972589?
6
What is the units digit of 154537073?
3
What is the tens digit of 1345391338?
3
What is the millions digit of 398123380?
8
What is the ten millions digit of 317522964?
1
What is the hundreds digit of 656591707?
7
What is the hundred millions digit of 377349635?
3
What is the ten thousands digit of 2041639561?
3
What is the thousands digit of 10366961?
6
What is the hundred millions digit of 792004643?
7
What is the ten millions digit of 107517167?
0
What is the millions digit of 30729164?
0
What is the hundred thousands digit of 58553073?
5
What is the thousands digit of 44489309?
9
What is the ten thousands digit of 1